7, 23, 71
List the prime factors of 1091.
1091
What are the prime factors of 472?
2, 59
List the prime factors of 28968.
2, 3, 17, 71
List the prime factors of 12143.
12143
What are the prime factors of 17200?
2, 5, 43
What are the prime factors of 22?
2, 11
What are the prime factors of 56259?
3, 7, 19, 47
List the prime factors of 3177.
3, 353
List the prime factors of 95131.
95131
What are the prime factors of 17473?
101, 173
List the prime factors of 5278.
2, 7, 13, 29
List the prime factors of 2412.
2, 3, 67
What are the prime factors of 81013?
81013
List the prime factors of 37412.
2, 47, 199
List the prime factors of 14189.
7, 2027
What are the prime factors of 27937?
7, 13, 307
List the prime factors of 3251.
3251
List the prime factors of 168.
2, 3, 7
What are the prime factors of 6464?
2, 101
What are the prime factors of 85121?
85121
List the prime factors of 6599.
6599
List the prime factors of 181.
181
What are the prime factors of 6931?
29, 239
List the prime factors of 5512.
2, 13, 53
What are the prime factors of 31537?
11, 47, 61
What are the prime factors of 79286?
2, 29, 1367
List the prime factors of 24542.
2, 7, 1753
List the prime factors of 103893.
3, 34631
What are the prime factors of 11495?
5, 11, 19
List the prime factors of 28959.
3, 7, 197
What are the prime factors of 506?
2, 11, 23
What are the prime factors of 1802?
2, 17, 53
What are the prime factors of 30661?
30661
What are the prime factors of 113?
113
What are the prime factors of 98160?
2, 3, 5, 409
What are the prime factors of 3584?
2, 7
What are the prime factors of 14680?
2, 5, 367
What are the prime factors of 75200?
2, 5, 47
List the prime factors of 15013.
15013
List the prime factors of 636.
2, 3, 53
List the prime factors of 11546.
2, 23, 251
What are the prime factors of 9840?
2, 3, 5, 41
What are the prime factors of 86527?
7, 47, 263
What are the prime factors of 735?
3, 5, 7
List the prime factors of 3681.
3, 409
List the prime factors of 3423.
3, 7, 163
List the prime factors of 26690.
2, 5, 17, 157
What are the prime factors of 223?
223
List the prime factors of 21192.
2, 3, 883
List the prime factors of 2604.
2, 3, 7, 31
List the prime factors of 38515.
5, 7703
What are the prime factors of 28345?
5, 5669
List the prime factors of 75312.
2, 3, 523
What are the prime factors of 1790?
2, 5, 179
List the prime factors of 3962.
2, 7, 283
What are the prime factors of 16943?
16943
List the prime factors of 14382.
2, 3, 17, 47
List the prime factors of 650.
2, 5, 13
What are the prime factors of 9073?
43, 211
What are the prime factors of 15020?
2, 5, 751
List the prime factors of 42250.
2, 5, 13
What are the prime factors of 2388?
2, 3, 199
What are the prime factors of 3394?
2, 1697
What are the prime factors of 15069?
3, 5023
What are the prime factors of 4617?
3, 19
What are the prime factors of 9188?
2, 2297
What are the prime factors of 1794?
2, 3, 13, 23
What are the prime factors of 803?
11, 73
List the prime factors of 79.
79
What are the prime factors of 685?
5, 137
What are the prime factors of 2530?
2, 5, 11, 23
List the prime factors of 10187.
61, 167
What are the prime factors of 113673?
3, 7, 5413
What are the prime factors of 22597?
59, 383
What are the prime factors of 3907?
3907
What are the prime factors of 42531?
3, 14177
List the prime factors of 106.
2, 53
What are the prime factors of 22225?
5, 7, 127
List the prime factors of 5557.
5557
List the prime factors of 85.
5, 17
List the prime factors of 6777.
3, 251
List the prime factors of 24.
2, 3
What are the prime factors of 795?
3, 5, 53
List the prime factors of 61836.
2, 3, 5153
List the prime factors of 1589.
7, 227
List the prime factors of 4344.
2, 3, 181
List the prime factors of 72711.
3, 2693
List the prime factors of 6233.
23, 271
List the prime factors of 21468.
2, 3, 1789
What are the prime factors of 1535?
5, 307
List the prime factors of 48951.
3, 7, 37
List the prime factors of 28222.
2, 103, 137
List the prime factors of 1151.
1151
What are the prime factors of 3665?
5, 733
What are the prime factors of 19796?
2, 7, 101
List the prime factors of 88787.
19, 4673
List the prime factors of 1656.
2, 3, 23
What are the prime factors of 3266?
2, 23, 71
List the prime factors of 4249.
7, 607
List the prime factors of 23049.
3, 13, 197
List the prime factors of 140907.
3, 13, 3613
What are the prime factors of 19306?
2, 7, 197
What are the prime factors of 3651?
3, 1217
List the prime factors of 6040.
2, 5, 151
List the prime factors of 523.
523
What are the prime factors of 63249?
3, 29, 727
What are the prime factors of 2472?
2, 3, 103
List the prime factors of 28924.
2, 7, 1033
List the prime factors of 406.
2, 7, 29
List the prime factors of 1258.
2, 17, 37
What are the prime factors of 67160?
2, 5, 23, 73
List the prime factors of 60219.
3, 6691
List the prime factors of 258.
2, 3, 43
List the prime factors of 63716.
2, 17, 937
List the prime factors of 9767.
9767
List the prime factors of 15747.
3, 29, 181
What are the prime factors of 7525?
5, 7, 43
List the prime factors of 19735.
5, 3947
What are the prime factors of 1993?
1993
What are the prime factors of 8053?
8053
List the prime factors of 2423.
2423
List the prime factors of 31505.
5, 6301
What are the prime factors of 16489?
11, 1499
What are the prime factors of 2808?
2, 3, 13
List the prime factors of 2630.
2, 5, 263
What are the prime factors of 13507?
13, 1039
List the prime factors of 5997.
3, 1999
List the prime factors of 61429.
47, 1307
What are the prime factors of 820?
2, 5, 41
List the prime factors of 6559.
7, 937
What are the prime factors of 29051?
11, 19, 139
List the prime factors of 5641.
5641
List the prime factors of 3992.
2, 499
What are the prime factors of 41946?
2, 3, 6991
List the prime factors of 47487.
3, 11, 1439
List the prime factors of 5629.
13, 433
What are the prime factors of 4234?
2, 29, 73
List the prime factors of 52244.
2, 37, 353
What are the prime factors of 2612?
2, 653
List the prime factors of 7781.
31, 251
List the prime factors of 5210.
2, 5, 521
List the prime factors of 929.
929
What are the prime factors of 38362?
2, 19181
List the prime factors of 2239.
2239
List the prime factors of 10664.
2, 31, 43
What are the prime factors of 1963?
13, 151
What are the prime factors of 6014?
2, 31, 97
What are the prime factors of 5979?
3, 1993
What are the prime factors of 39063?
3, 29, 449
List the prime factors of 1162.
2, 7, 83
List the prime factors of 90384.
2, 3, 7, 269
List the prime factors of 4664.
2, 11, 53
List the prime factors of 18359.
11, 1669
What are the prime factors of 30280?
2, 5, 757
List the prime factors of 10540.
2, 5, 17, 31
What are the prime factors of 2065?
5, 7, 59
What are the prime factors of 19681?
19681
What are the prime factors of 34883?
34883
What are the prime factors of 12478?
2, 17, 367
What are the prime factors of 39193?
7, 11, 509
What are the prime factors of 1516?
2, 379
What are the prime factors of 12116?
2, 13, 233
List the prime factors of 9263.
59, 157
What are the prime factors of 66187?
11, 547
List the prime factors of 7110.
2, 3, 5, 79
What are the prime factors of 4480?
2, 5, 7
What are the prime factors of 2690?
2, 5, 269
List the prime factors of 1106.
2, 7, 79
What are the prime factors of 174?
2, 3, 29
What are the prime factors of 2905?
5, 7, 83
What are the prime factors of 1102?
2, 19, 29
List the prime factors of 555.
3, 5, 37
List the prime factors of 349.
349
What are the prime factors of 7320?
2, 3, 5, 61
List the prime factors of 834.
2, 3, 139
What are the prime factors of 12061?
7, 1723
List the prime factors of 410.
2, 5, 41
List the prime factors of 10726.
2, 31, 173
What are the prime factors of 9705?
3, 5, 647
List the prime factors of 2021.
43, 47
List the prime factors of 16662.
2, 3, 2777
What are the prime factors of 30129?
3, 11, 83
List the prime factors of 29946.
2, 3, 7, 23, 31
List the prime factors of 11252.
2, 29, 97
List the prime factors of 221.
13, 17
List the prime factors of 17964.
2, 3, 499
What are the prime factors of 771?
3, 257
What are the prime factors of 1413?
3, 157
List the prime factors of 2770.
2, 5, 277
List the prime factors of 39988.
2, 13, 769
What are the pr